{"id":225153,"date":"2025-04-28T16:29:51","date_gmt":"2025-04-28T19:29:51","guid":{"rendered":"https:\/\/2mg.net\/web\/?page_id=225153"},"modified":"2025-04-28T16:41:49","modified_gmt":"2025-04-28T19:41:49","slug":"preguntas-frecuentes","status":"publish","type":"page","link":"https:\/\/2mg.net\/web\/preguntas-frecuentes\/","title":{"rendered":"Preguntas Frecuentes"},"content":{"rendered":"<p>[et_pb_section fb_built=&#8221;1&#8243; theme_builder_area=&#8221;post_content&#8221; _builder_version=&#8221;4.27.4&#8243; _module_preset=&#8221;default&#8221;][\/et_pb_section][et_pb_section fb_built=&#8221;1&#8243; custom_padding_last_edited=&#8221;on|phone&#8221; _builder_version=&#8221;4.27.4&#8243; _module_preset=&#8221;default&#8221; custom_margin=&#8221;0px|0px|0px|0px|false|false&#8221; custom_padding=&#8221;48px||64px||false|false&#8221; custom_padding_tablet=&#8221;48px||30px||false|false&#8221; custom_padding_phone=&#8221;24px|0px||0px|false|false&#8221; hover_enabled=&#8221;0&#8243; global_colors_info=&#8221;{}&#8221; locked=&#8221;off&#8221; theme_builder_area=&#8221;post_content&#8221; sticky_enabled=&#8221;0&#8243;][et_pb_row custom_padding_last_edited=&#8221;on|desktop&#8221; _builder_version=&#8221;4.27.4&#8243; _module_preset=&#8221;default&#8221; width_tablet=&#8221;&#8221; width_phone=&#8221;&#8221; width_last_edited=&#8221;on|phone&#8221; max_width_tablet=&#8221;&#8221; max_width_phone=&#8221;&#8221; max_width_last_edited=&#8221;on|desktop&#8221; custom_margin=&#8221;100px||||false|false&#8221; custom_margin_tablet=&#8221;100px||||false|false&#8221; custom_margin_phone=&#8221;100px||||false|false&#8221; custom_margin_last_edited=&#8221;on|desktop&#8221; custom_padding=&#8221;0px|0px|30px|0px|false|false&#8221; custom_padding_tablet=&#8221;0px|0px|30px|0px|false|false&#8221; custom_padding_phone=&#8221;0px|0px|30px|0px|false|false&#8221; global_colors_info=&#8221;{}&#8221; theme_builder_area=&#8221;post_content&#8221;][et_pb_column type=&#8221;4_4&#8243; _builder_version=&#8221;4.27.4&#8243; _module_preset=&#8221;default&#8221; global_colors_info=&#8221;{}&#8221; theme_builder_area=&#8221;post_content&#8221;][et_pb_text _builder_version=&#8221;4.27.4&#8243; _module_preset=&#8221;default&#8221; header_font=&#8221;Montserrat|700|||||||&#8221; header_text_align=&#8221;left&#8221; header_font_size=&#8221;37px&#8221; header_3_font=&#8221;Poppins|700|||||||&#8221; header_3_text_align=&#8221;center&#8221; header_3_text_color=&#8221;#000000&#8243; header_3_font_size=&#8221;30px&#8221; text_orientation=&#8221;center&#8221; module_alignment=&#8221;center&#8221; custom_margin=&#8221;24px|0px|24px|0px|false|false&#8221; custom_padding=&#8221;0px|0px|0px|0px|false|false&#8221; hover_enabled=&#8221;0&#8243; header_3_font_size_tablet=&#8221;30px&#8221; header_3_font_size_phone=&#8221;24px&#8221; header_3_font_size_last_edited=&#8221;on|phone&#8221; custom_css_free_form=&#8221;selector {||text-decoration: underline;||text-decoration-color: #F08400;||text-decoration-line: underline;||text-underline-offset: 5px;||text-align:center;||padding-bottom: 0px;||}||||selector h3{||  padding-bottom: 3px;||}&#8221; locked=&#8221;off&#8221; global_colors_info=&#8221;{}&#8221; theme_builder_area=&#8221;post_content&#8221; sticky_enabled=&#8221;0&#8243;]<\/p>\n<h1 style=\"text-align: left;\">Preguntas Frecuentes<\/h1>\n<p>[\/et_pb_text][\/et_pb_column][\/et_pb_row][et_pb_row _builder_version=&#8221;4.27.4&#8243; _module_preset=&#8221;default&#8221; global_colors_info=&#8221;{}&#8221; theme_builder_area=&#8221;post_content&#8221;][et_pb_column type=&#8221;4_4&#8243; _builder_version=&#8221;4.27.4&#8243; _module_preset=&#8221;default&#8221; global_colors_info=&#8221;{}&#8221; theme_builder_area=&#8221;post_content&#8221;][et_pb_accordion _builder_version=&#8221;4.27.4&#8243; _module_preset=&#8221;default&#8221; theme_builder_area=&#8221;post_content&#8221; hover_enabled=&#8221;0&#8243; sticky_enabled=&#8221;0&#8243; use_icon_font_size=&#8221;on&#8221; icon_color=&#8221;#000000&#8243; open_toggle_background_color=&#8221;RGBA(255,255,255,0)&#8221; closed_toggle_background_color=&#8221;RGBA(255,255,255,0)&#8221; toggle_level=&#8221;h2&#8243; toggle_font=&#8221;Poppins|600|||||||&#8221; toggle_font_size=&#8221;23px&#8221; toggle_text_align=&#8221;left&#8221; toggle_text_color=&#8221;#000000&#8243; border_width_all=&#8221;0px&#8221; border_width_bottom=&#8221;1px&#8221; border_color_bottom=&#8221;#000000&#8243; text_orientation=&#8221;left&#8221; custom_margin=&#8221;0px|0px|0px|0px|false|false&#8221; custom_padding=&#8221;0px|0px|0px|0px|false|false&#8221; body_font=&#8221;&#8211;et_global_body_font||||||||&#8221; body_text_color=&#8221;#444444&#8243; toggle_line_height=&#8221;1.3em&#8221; body_font_size=&#8221;17px&#8221; custom_css_toggle=&#8221;margin-bottom: 0px!important;&#8221; custom_css_toggle_content=&#8221;margin-top: 20px;&#8221; body_line_height=&#8221;1.4em&#8221; toggle_font_size_last_edited=&#8221;on|phone&#8221; toggle_font_size_phone=&#8221;15px&#8221; custom_css_toggle_last_edited=&#8221;on|phone&#8221; custom_css_toggle_phone=&#8221;margin-bottom: 0px;||padding-left:0px;||padding-right: 0px;&#8221; body_font_size_last_edited=&#8221;on|phone&#8221; body_font_size_phone=&#8221;14px&#8221; toggle_line_height_last_edited=&#8221;on|phone&#8221; toggle_line_height_phone=&#8221;1.4em&#8221; toggle_font_size_tablet=&#8221;23px&#8221; custom_css_toggle_tablet=&#8221;margin-bottom: 0px!important;&#8221; body_font_size_tablet=&#8221;17px&#8221; toggle_line_height_tablet=&#8221;1.3em&#8221;][et_pb_accordion_item title=&#8221;\u00bfQui\u00e9nes somos?&#8221; _builder_version=&#8221;4.27.4&#8243; _module_preset=&#8221;default&#8221; theme_builder_area=&#8221;post_content&#8221; open=&#8221;off&#8221; hover_enabled=&#8221;0&#8243; sticky_enabled=&#8221;0&#8243;]<\/p>\n<p><b>2MG NET<\/b><span style=\"font-weight: 400;\"> es una compa\u00f1\u00eda especializada en soluciones tecnol\u00f3gicas 360\u00b0 para eventos corporativos y stands.<\/span><span style=\"font-weight: 400;\"><br \/><\/span><span style=\"font-weight: 400;\"> Nuestro equipo interdisciplinario se destaca en \u00e1reas como t\u00e9cnica, contenidos, creatividad, dise\u00f1o, construcci\u00f3n y producci\u00f3n. Contamos con equipamiento y personal propios, lo que nos permite investigar, probar e implementar las \u00faltimas innovaciones del mercado.<\/span><\/p>\n<p><strong>Brindamos servicios de integraci\u00f3n tecnol\u00f3gica en:<\/strong><strong><\/strong><\/p>\n<ul>\n<li style=\"font-weight: 400;\" aria-level=\"1\"><span style=\"font-weight: 400;\">Video y control<\/span><\/li>\n<li style=\"font-weight: 400;\" aria-level=\"1\"><span style=\"font-weight: 400;\">Streaming y videoconferencias<\/span><\/li>\n<li style=\"font-weight: 400;\" aria-level=\"1\"><span style=\"font-weight: 400;\">Traducci\u00f3n simult\u00e1nea<\/span><\/li>\n<li style=\"font-weight: 400;\" aria-level=\"1\"><span style=\"font-weight: 400;\">Auditorios Silent<\/span><\/li>\n<li style=\"font-weight: 400;\" aria-level=\"1\"><span style=\"font-weight: 400;\">Sistemas de conferencia<\/span><\/li>\n<li style=\"font-weight: 400;\" aria-level=\"1\"><span style=\"font-weight: 400;\">CCTV<\/span><\/li>\n<li style=\"font-weight: 400;\" aria-level=\"1\"><span style=\"font-weight: 400;\">Sonido, iluminaci\u00f3n, proyecci\u00f3n y mapping<\/span><\/li>\n<li style=\"font-weight: 400;\" aria-level=\"1\"><span style=\"font-weight: 400;\">Pantallas LED de alta definici\u00f3n<\/span><\/li>\n<li style=\"font-weight: 400;\" aria-level=\"1\"><span style=\"font-weight: 400;\">Desarrollo de videos animados e institucionales<\/span><\/li>\n<li style=\"font-weight: 400;\" aria-level=\"1\"><span style=\"font-weight: 400;\">Doblajes<\/span><\/li>\n<li style=\"font-weight: 400;\" aria-level=\"1\"><span style=\"font-weight: 400;\">Experiencias interactivas (VR, Realidad Aumentada, Mixed Reality, Deep Screen).<\/span><span style=\"font-weight: 400;\"><\/span><span style=\"font-weight: 400;\"><\/span><span style=\"font-weight: 400;\"><\/span><\/li>\n<\/ul>\n<p><span style=\"font-weight: 400;\"><\/span><\/p>\n<ul>\n<ul>\n<li style=\"font-weight: 400;\" aria-level=\"2\"><b>Nuestro lema:<\/b><span style=\"font-weight: 400;\"> la tecnolog\u00eda debe ser imperceptible, pero sus resultados extraordinarios.<\/span><\/li>\n<\/ul>\n<\/ul>\n<p>[\/et_pb_accordion_item][et_pb_accordion_item title=&#8221;\u00bfEn qu\u00e9 pa\u00edses brindan servicios de tecnolog\u00eda para eventos?&#8221; _builder_version=&#8221;4.27.4&#8243; _module_preset=&#8221;default&#8221; theme_builder_area=&#8221;post_content&#8221; open=&#8221;on&#8221; hover_enabled=&#8221;0&#8243; sticky_enabled=&#8221;0&#8243;]<\/p>\n<p><span style=\"font-weight: 400;\">Ofrecemos nuestros servicios en toda la Argentina, as\u00ed como tambi\u00e9n en Chile y Uruguay.<\/span><\/p>\n<p>[\/et_pb_accordion_item][et_pb_accordion_item title=&#8221;\u00bfSolo trabajan en Buenos Aires o tambi\u00e9n en otras ciudades y pa\u00edses?&#8221; _builder_version=&#8221;4.27.4&#8243; _module_preset=&#8221;default&#8221; theme_builder_area=&#8221;post_content&#8221; open=&#8221;off&#8221; hover_enabled=&#8221;0&#8243; sticky_enabled=&#8221;0&#8243;]<\/p>\n<p><span style=\"font-weight: 400;\">No trabajamos \u00fanicamente en Buenos Aires: tenemos operaciones activas en todo el pa\u00eds, adem\u00e1s de Chile y Uruguay.<\/span><\/p>\n<p>[\/et_pb_accordion_item][et_pb_accordion_item title=&#8221;\u00bfCu\u00e1les son nuestros servicios?&#8221; _builder_version=&#8221;4.27.4&#8243; _module_preset=&#8221;default&#8221; theme_builder_area=&#8221;post_content&#8221; open=&#8221;off&#8221; hover_enabled=&#8221;0&#8243; sticky_enabled=&#8221;0&#8243;]<\/p>\n<ul>\n<li aria-level=\"2\"><span style=\"font-weight: 400;\">Asesoramiento t\u00e9cnico personalizado en todas las etapas del evento<\/span><\/li>\n<li aria-level=\"2\"><span style=\"font-weight: 400;\">Dise\u00f1o de propuestas con renders y planos incluidos<\/span><\/li>\n<li aria-level=\"2\"><span style=\"font-weight: 400;\">Producci\u00f3n y soporte constante: antes, durante y despu\u00e9s del evento<\/span><\/li>\n<li aria-level=\"2\"><span style=\"font-weight: 400;\">Desarrollo de experiencias creativas e interactivas<\/span><\/li>\n<li aria-level=\"2\"><span style=\"font-weight: 400;\">Operaci\u00f3n en vivo con excelencia<\/span><\/li>\n<li aria-level=\"2\"><span style=\"font-weight: 400;\">Instalaciones dise\u00f1adas seg\u00fan la experiencia deseada y el tipo de audiencia<\/span>\u00a0<\/li>\n<\/ul>\n<p>[\/et_pb_accordion_item][et_pb_accordion_item title=&#8221;\u00bfCu\u00e1l es la tecnolog\u00eda con la que trabajan?&#8221; _builder_version=&#8221;4.27.4&#8243; _module_preset=&#8221;default&#8221; theme_builder_area=&#8221;post_content&#8221; open=&#8221;off&#8221; hover_enabled=&#8221;0&#8243; sticky_enabled=&#8221;0&#8243;]<\/p>\n<ul>\n<li style=\"font-weight: 400;\" aria-level=\"2\"><span style=\"font-weight: 400;\">Pantallas LED rectas y curvas HD<\/span><\/li>\n<li style=\"font-weight: 400;\" aria-level=\"2\"><span style=\"font-weight: 400;\">Proyecci\u00f3n y mapping<\/span><\/li>\n<li style=\"font-weight: 400;\" aria-level=\"2\"><span style=\"font-weight: 400;\">Streaming y videoconferencias<\/span><\/li>\n<li style=\"font-weight: 400;\" aria-level=\"2\"><span style=\"font-weight: 400;\">Traducci\u00f3n simult\u00e1nea y sistemas de conferencia<\/span><\/li>\n<li style=\"font-weight: 400;\" aria-level=\"2\"><span style=\"font-weight: 400;\">CCTV<\/span><\/li>\n<li style=\"font-weight: 400;\" aria-level=\"2\"><span style=\"font-weight: 400;\">Sistemas de sonido e iluminaci\u00f3n<\/span><\/li>\n<li style=\"font-weight: 400;\" aria-level=\"2\"><span style=\"font-weight: 400;\">Auditorios Silent<\/span><\/li>\n<li style=\"font-weight: 400;\" aria-level=\"2\"><span style=\"font-weight: 400;\">Realidad virtual (VR), realidad aumentada, mixed reality<\/span><\/li>\n<li style=\"font-weight: 400;\" aria-level=\"2\"><span style=\"font-weight: 400;\">Deepscreen, hologramas y juegos interactivos<\/span><\/li>\n<li style=\"font-weight: 400;\" aria-level=\"2\"><span style=\"font-weight: 400;\">Monitores touchscreen<\/span><\/li>\n<li style=\"font-weight: 400;\" aria-level=\"2\"><span style=\"font-weight: 400;\">Desarrollo de contenidos animados y doblajes<br \/><\/span><br \/><span style=\"font-weight: 400;\"><b><\/b><\/span>\n<ul>\n<li style=\"font-weight: 400;\" aria-level=\"2\"><span style=\"font-weight: 400;\"><b>Marcas con las que trabajamos:<\/b> Analog Way, Barco, Shure, DIS, Resolume, Ascender, Zenith, DB Technologies<\/span><\/li>\n<\/ul>\n<\/li>\n<\/ul>\n<p>[\/et_pb_accordion_item][et_pb_accordion_item title=&#8221;\u00bfEl equipamiento que usan es propio?&#8221; _builder_version=&#8221;4.27.4&#8243; _module_preset=&#8221;default&#8221; theme_builder_area=&#8221;post_content&#8221; open=&#8221;off&#8221; hover_enabled=&#8221;0&#8243; sticky_enabled=&#8221;0&#8243;]<\/p>\n<p><span style=\"font-weight: 400;\">S\u00ed, todo el equipamiento es propio. Contamos con un dep\u00f3sito de 2.500 m\u00b2 donde almacenamos y realizamos mantenimiento constante de nuestra tecnolog\u00eda.<\/span><\/p>\n<p>[\/et_pb_accordion_item][et_pb_accordion_item title=&#8221;\u00bfQu\u00e9 tipo de pantallas y proyectores ofrecen?&#8221; _builder_version=&#8221;4.27.4&#8243; _module_preset=&#8221;default&#8221; theme_builder_area=&#8221;post_content&#8221; open=&#8221;off&#8221; hover_enabled=&#8221;0&#8243; sticky_enabled=&#8221;0&#8243;]<\/p>\n<p><span style=\"font-weight: 400;\">Contamos con pantallas LED (rectas y curvas), monitores LED y pantallas de proyecci\u00f3n. Tambi\u00e9n trabajamos con proyectores para mapping y tecnolog\u00eda de \u00faltima generaci\u00f3n.<\/span><\/p>\n<p>[\/et_pb_accordion_item][et_pb_accordion_item title=&#8221;\u00bfDesarrollan contenidos para eventos?&#8221; _builder_version=&#8221;4.27.4&#8243; _module_preset=&#8221;default&#8221; theme_builder_area=&#8221;post_content&#8221; open=&#8221;off&#8221; hover_enabled=&#8221;0&#8243; sticky_enabled=&#8221;0&#8243;]<\/p>\n<p><span style=\"font-weight: 400;\">S\u00ed, contamos con un equipo interdisciplinario especializado en generar experiencias personalizadas para cada instalaci\u00f3n tecnol\u00f3gica. Creamos contenidos tanto para los eventos donde brindamos tecnolog\u00eda como para aquellos en los que s\u00f3lo se requiere el desarrollo creativo.<\/span><\/p>\n<p>[\/et_pb_accordion_item][et_pb_accordion_item title=&#8221;\u00bfC\u00f3mo es el proceso cuando reciben un pedido?&#8221; _builder_version=&#8221;4.27.4&#8243; _module_preset=&#8221;default&#8221; theme_builder_area=&#8221;post_content&#8221; open=&#8221;off&#8221; hover_enabled=&#8221;0&#8243; sticky_enabled=&#8221;0&#8243;]<\/p>\n<p><span style=\"font-weight: 400;\">Primero analizamos junto al cliente cu\u00e1l es la experiencia que desea generar en su audiencia. A partir de este concepto, dise\u00f1amos una propuesta alineada al presupuesto, que puede incluir renders y planos para comunicar mejor la idea. La propuesta tambi\u00e9n contempla la locaci\u00f3n, la factibilidad t\u00e9cnica y el impacto deseado.<\/span><\/p>\n<p>[\/et_pb_accordion_item][\/et_pb_accordion][\/et_pb_column][\/et_pb_row][\/et_pb_section]<\/p>\n","protected":false},"excerpt":{"rendered":"<p>Preguntas Frecuentes2MG NET es una compa\u00f1\u00eda especializada en soluciones tecnol\u00f3gicas 360\u00b0 para eventos corporativos y stands. Nuestro equipo interdisciplinario se destaca en \u00e1reas como t\u00e9cnica, contenidos, creatividad, dise\u00f1o, construcci\u00f3n y producci\u00f3n. Contamos con equipamiento y personal propios, lo que nos permite investigar, probar e implementar las \u00faltimas innovaciones del mercado. Brindamos servicios de integraci\u00f3n tecnol\u00f3gica [&hellip;]<\/p>\n","protected":false},"author":4,"featured_media":0,"parent":0,"menu_order":0,"comment_status":"closed","ping_status":"closed","template":"","meta":{"_et_pb_use_builder":"on","_et_pb_old_content":"","_et_gb_content_width":"","inline_featured_image":false,"_joinchat":[],"footnotes":""},"class_list":["post-225153","page","type-page","status-publish","hentry"],"_links":{"self":[{"href":"https:\/\/2mg.net\/web\/wp-json\/wp\/v2\/pages\/225153","targetHints":{"allow":["GET"]}}],"collection":[{"href":"https:\/\/2mg.net\/web\/wp-json\/wp\/v2\/pages"}],"about":[{"href":"https:\/\/2mg.net\/web\/wp-json\/wp\/v2\/types\/page"}],"author":[{"embeddable":true,"href":"https:\/\/2mg.net\/web\/wp-json\/wp\/v2\/users\/4"}],"replies":[{"embeddable":true,"href":"https:\/\/2mg.net\/web\/wp-json\/wp\/v2\/comments?post=225153"}],"version-history":[{"count":12,"href":"https:\/\/2mg.net\/web\/wp-json\/wp\/v2\/pages\/225153\/revisions"}],"predecessor-version":[{"id":225169,"href":"https:\/\/2mg.net\/web\/wp-json\/wp\/v2\/pages\/225153\/revisions\/225169"}],"wp:attachment":[{"href":"https:\/\/2mg.net\/web\/wp-json\/wp\/v2\/media?parent=225153"}],"curies":[{"name":"wp","href":"https:\/\/api.w.org\/{rel}","templated":true}]}}